et w(d) = 27*d + 21*d - 10 + 24*d + 4. What are the prime factors of w(2)?
2, 3, 23
Let r be -6*((-10)/(-4) - 4). Let v(a) = -a**2 + 11*a - 13. Let j be v(r). List the prime factors of (4 + 324/15)*j.
2
List the prime factors of 1 - (35*2/7 - 4178).
11, 379
Let q = 297 + -273. Suppose 0 = -q*u + 19*u + 4545. What are the prime factors of u?
3, 101
Suppose 22*t + 105580 - 784786 = 0. List the prime factors of t.
3, 41, 251
What are the prime factors of ((-3231)/1795)/((-6)/34610)?
3, 3461
Suppose -6*v = -8*v + 2. Suppose -7 = -2*b - v. Suppose o - 2*c = 3*c + 127, -b*o + 466 = 2*c. What are the prime factors of o?
2, 19
Suppose -166 - 26 = -2*p. Suppose -i + p = -282. What are the prime factors of i?
2, 3, 7
Suppose 0 = -8*j - 3 + 43. Suppose 0*i + 4*f = 3*i - 1043, -j*i + 2*f = -1757. What are the prime factors of i?
353
Let g = -27 + 110. Let j = 75 - g. What are the prime factors of (-21065)/(-77) - j/42*-3?
3, 7, 13
Let x be 63/105 + (-5)/(25/(-12)). Suppose -526 = -2*h - r, h = 7*r - x*r + 245. List the prime factors of h.
3, 29
Let u(a) = -46*a - 38. Let t(i) = -44*i - 38. Let s(k) = 5*t(k) - 4*u(k). List the prime factors of s(-18).
2, 5, 61
Let d = 18001 + -3579. List the prime factors of d.
2, 7211
Suppose 1140146 = 56*w - 116789 - 321257. List the prime factors of w.
2, 3, 7, 11, 61
Let b(q) = q**3 - 7*q**2. Let n = -17 - -21. Let o be b(n). Let d = o + 81. What are the prime factors of d?
3, 11
Let f(q) = -544*q + 841. What are the prime factors of f(-36)?
5, 19, 43
Let r(o) = o**2 + 9*o + 630. Let x be r(0). Suppose 0*k + 10*k = x. What are the prime factors of k?
3, 7
Let w(l) = l**3 - 8*l**2 + 3*l + 7. Let b be w(7). Let q be 1*39 + 17 + b. Let x = q - 10. What are the prime factors of x?
5
Suppose 271875 = 18*n + 44085. List the prime factors of n.
5, 2531
Let u(z) = -z**3 - 8*z**2 - z - 6. Let a be u(-8). Suppose -5*v = -w, a*w - 10 = -w + 5*v. Suppose w*t - 3*t - 60 = 0. What are the prime factors of t?
2, 3, 5
List the prime factors of (48 - -2)*5*(-6127)/(-110).
5, 557
Let p = 17149 - 2507. List the prime factors of p.
2, 7321
Suppose 2*j = -2*v + 640, 0 = 4*v - 3*j - 564 - 695. Suppose -4*r + 158 = c, -4*c - 4*r + 315 + v = 0. What are the prime factors of c?
2, 79
Suppose 24*q + 43*q = -53*q + 866760. What are the prime factors of q?
31, 233
Let t(i) = -110*i**3 - 2*i**2 - 3*i - 1. Let s = -79 - -84. Suppose 2*k - 2 = s*k - q, 2*q + 3 = -k. List the prime factors of t(k).
2, 5, 11
List the prime factors of (201/(-536))/((-2)/129552).
3, 2699
Let v(s) = -4*s + 9*s**2 + 6 + 5*s**3 - 7*s**3 - 6*s + s**3. Let a be v(7). Suppose -5*k + m + 104 + a = 0, -4*m = 3*k - 92. List the prime factors of k.
2, 7
Suppose 1836*x = 1736*x + 3040500. List the prime factors of x.
3, 5, 2027
Let p(m) = 5*m + 34. Let s be p(-7). Let t = 183 + s. List the prime factors of t.
2, 7, 13
Let u(s) = -s**3 + 24*s**2 + 44*s - 45. Let d(l) = 13*l - 2. Let n be d(2). What are the prime factors of u(n)?
3, 337
List the prime factors of -1*(11 + -7619 + 4).
2, 1901
Suppose -100*k + 199001 = -628899. List the prime factors of k.
17, 487
Suppose -1121100 = -40*t - 70*t + 10*t. What are the prime factors of t?
3, 37, 101
Let b(u) = -58*u**3 - 9*u**2 - 34*u - 1. List the prime factors of b(-4).
7, 23
Suppose -2*s = s - 2232. Suppose -7*o + o - 3100 = -c, -5*o - 2*c = 2572. Let q = s + o. What are the prime factors of q?
2, 3, 19
Let k be (1 + 10)/((-1)/3). Let s(d) = 29*d - 381. Let f be s(17). Let h = f + k. List the prime factors of h.
79
Let b(n) = -3*n - 30. Let i be b(-11). Suppose 4*y + 1983 = -3*r, i*y - r - 325 + 1809 = 0. What are the prime factors of (-1)/2 - y/18?
3
Let x = -3492 + 6299. List the prime factors of x.
7, 401
Suppose 3*w - 30491 = 4*h, -4366 - 5815 = -w - 3*h. List the prime factors of w.
10169
Suppose -5*o + 11 = -x - 4, -5 = x. Suppose -o*d + 12*q - 11*q + 1793 = 0, 2*d - 3*q - 1791 = 0. List the prime factors of d.
3, 13, 23
Let k = 2283 + -854. Suppose 4*c = k + 107. List the prime factors of c.
2, 3
Let k(j) = j**3 + 5*j**2 - 7*j - 2. Let u be k(-6). Suppose 0 = o + u*o - 5*c - 10, 4*c + 17 = o. What are the prime factors of 45/(0 - o) + 0 + -2?
13
Suppose -670 + 78 = -4*v. Suppose z = v + 35. What are the prime factors of z?
3, 61
Let t = -2324 - -4103. List the prime factors of t.
3, 593
List the prime factors of (-100)/15*(-923 + (-30)/(-6)).
2, 3, 5, 17
Let z be (-12)/54 - (-93507)/27. Suppose -z = -6*x - 907. List the prime factors of x.
2, 3, 71
Let y(c) = -4*c**2 + 2. Let o be y(-1). List the prime factors of 112/8 + ((-24)/(-3))/o.
2, 5
Let d(k) = k + 3 - 2*k - 2. Let b = -4807 + 4792. List the prime factors of d(b).
2
Let h(n) = -30715*n**3 + 146*n**2 + 145*n - 2. List the prime factors of h(-1).
2, 3, 5119
Let t = -15333 + 22730. List the prime factors of t.
13, 569
Suppose -2*a = -4*b + 11398, -4*a + 2 + 2 = 0. Let m = b + -1783. List the prime factors of m.
11, 97
Suppose j - 3*b + 263 = -0*j, -6 = -3*b. List the prime factors of -2*(j/6)/((-5)/(-15)).
257
Suppose 7*q - 2*q = 75. Suppose v = -3*u + q, 5*v + 38 - 5 = 3*u. What are the prime factors of 12/(u/1) - -3*5?
17
Suppose 2*u = 4*u. Suppose u = -0*l + 3*l - 30. Suppose -4*t - l = -h - 9*t, -3*h + t = -94. List the prime factors of h.
2, 3, 5
Suppose 3534919 = 111*u + 100690. What are the prime factors of u?
3, 10313
Let p be (622/(-4))/((-1)/(-2)). List the prime factors of (p - (1 - -4))*-1.
2, 79
Let g = -7748 - -42266. What are the prime factors of g?
2, 3, 11, 523
What are the prime factors of (-320892)/(-42) - 26/91?
2, 5, 191
Suppose 0 = 5*t - w - 29177, 38*w = -3*t + 35*w + 17517. What are the prime factors of t?
2, 1459
Suppose 4*g + 28 = c, -20*c + 24*c - 4 = -2*g. Suppose -5*y - 3*v = -230, 2*y + 3*y = 2*v + 255. List the prime factors of y + (g/3 - 1).
2, 23
Let u(t) = -t - 2. Let r(m) = -8*m - 108. Let g(k) = -r(k) - 4*u(k). List the prime factors of g(30).
2, 7, 17
Let z be 3 - (-4*(-1)/4 - -1). Let a be -3 + 1*(0 - z). Let o = 102 - a. What are the prime factors of o?
2, 53
Let l(j) = 28*j**2 - 4*j + 3. Suppose 10 = 5*r + 5*b, -5*r + 8 + 2 = -3*b. Let z be l(r). Let q = 10 + z. List the prime factors of q.
3, 13
Let h = 1625 - -536. What are the prime factors of h?
2161
Suppose 3*t = -4*b + 8*b - 83, -2*t - 67 = -5*b. Let r(s) = -26*s + 32. What are the prime factors of r(t)?
2, 17
Let p(f) = 44*f + 161. Let i(h) = -2*h - 1. Let u(w) = -4*i(w) - p(w). List the prime factors of u(-5).
23
Suppose 63*d - 3295847 = -20*d. List the prime factors of d.
39709
Suppose 3*y + 6*y = 342. Suppose 0 = 59*d - y*d - 13293. List the prime factors of d.
3, 211
Suppose -3*l + 70 + 458 = 0. Suppose 0 = -178*n + l*n + 598. List the prime factors of n.
13, 23
Let g(p) = 182*p + 69. Let t be g(-17). Suppose -5*q - 4*v - 44 = -105, -5*q + 3*v + 33 = 0. List the prime factors of t/(-40) - q/(-24).
2, 19
Suppose 45*j + 2625 = 42*j. What are the prime factors of 3/30*-6*j?
3, 5, 7
Suppose -2*c = 4*c - 3336. What are the prime factors of c?
2, 139
Let z(s) = 1104*s - 701. What are the prime factors of z(9)?
5, 1847
Let n(f) = 43*f + 621. List the prime factors of n(-11).
2, 37
Let v(n) = -n**3 - n**2 - 3. Let l be v(-3). Let i be 8/10 + (-2788)/410. What are the prime factors of l/(-10)*412/i?
103
Let i(m) = m**3 - 7*m**2 - m + 10. Let c be 78/12 + (-2)/(-4). Let t be i(c). Suppose 3*v + 6 = -9, 5*v - 113 = -t*a. What are the prime factors of a?
2, 23
Let c(n) be the third derivative of -n**6/120 - 2*n**5/5 - 7*n**4/6 - 2*n**3/3 + 46*n**2. List the prime factors of c(-23).
3, 37
Let j(q) = -559*q - 33. Let r(k) = 140*k + 8. Let w(m) = -2*j(m) - 9*r(m). Let y(h) = 71*h + 3. Let i(b) = 3*w(b) + 5*y(b). What are the prime factors of i(-2)?
139
Suppose -20*r = -17*r + 4*q - 8154, -5*q + 13585 = 5*r. What are the prime factors of r?
2, 23, 59
Let r be (-1 + 1)/((-5)/(-10)*-2). Suppose 4*v = -v + 5, r = 3*m + 5*v - 5. Suppose m = -7*x + 636 + 687. What are the prime factors of x?
3, 7
Suppose -94*u - 9 = -97*u. Suppose -3*p - 4*v + 7*v + 234 = 0, u*p - 5*v - 236 = 0. List the prime factors of p.
7, 11
Let q(v) = -v**3 + 4*v**2 - v + 4. Let n be q(2). Suppose -n*b + 2008 = -2*b. Suppose -49 = -3*t + b. List the prime factors of t.
2, 5
Let w be ((-38)/171 - 10/(-18))*24. Suppose